 17
Suppose 0 = 2*j + 3*y - 1703, -2557 = 19*j - 22*j - 4*y. Suppose -3*l + 684 = 2*t + 255, -5*l + j = 4*t. List the prime factors of t.
2, 3
Suppose 0*g - 2*a = -5*g + 73, -29 = -g + 4*a. Let b = -9 + g. Suppose 4*r - v - 271 = 0, -2*r - 4*v = -b*r + 146. What are the prime factors of r?
67
Suppose -3*o = -4*q + 28, 3*o - 15 = 5*o + q. Let m be ((-4)/(-12))/((8/(-15))/o). Suppose 437 = 2*g - a + 44, -m = -5*a. List the prime factors of g.
197
Let z = -52981 + 89632. List the prime factors of z.
3, 19, 643
Let h = 19980 + -15895. List the prime factors of h.
5, 19, 43
Suppose 21495 = -48*n + 207303. What are the prime factors of n?
7, 79
Suppose 0 = -4*o + 5*q - q + 100, 0 = -o - 5*q + 7. Suppose o*y - 27*y = 0. Suppose y = 4*l - 3*f - 240 - 248, 484 = 4*l - 4*f. What are the prime factors of l?
5
Let x(o) = 26*o - 146. Let i be x(6). Let k(m) = 3*m**2 + 39*m + 5. List the prime factors of k(i).
5, 139
Let t be 448 + (-3 - (-24)/9)*-6. Let x = 1660 - t. List the prime factors of x.
2, 5, 11
Let o(d) = d**3 - 12*d**2 - d + 11. Let l be o(12). Let f be 9 + -1 + l + 3. Suppose w = f*w - 1089. What are the prime factors of w?
11
List the prime factors of 70/((-11)/(-4246)*2).
2, 5, 7, 193
Suppose 14 = -8*c + c. List the prime factors of 641*(c + -3 + 6).
641
Let i = -907 - -559. Let m = -47 - i. List the prime factors of m.
7, 43
Let f(v) = 169 + 0*v + 11*v + 32 - 10*v + 19*v. List the prime factors of f(18).
3, 11, 17
Let x be 48/9 + -6 - 2168/6. Let k = -146 - x. Let r = k - 88. What are the prime factors of r?
2
Suppose -2193 = 3*i + 4*v + 102, -3*v - 2292 = 3*i. Let b = -600 - i. What are the prime factors of b?
7, 23
Suppose -6*j = 3*j - 5292. Suppose j = 2*g - 638. What are the prime factors of g?
613
Let u be (-8 + 3040/30)/((-1)/(-3)). Suppose -j + u = -183. What are the prime factors of j?
463
What are the prime factors of 3*-1 - (-10 + (-17 - 3)*91)?
3, 7, 29
Let y(w) = 49*w**2 + 2*w + 337. What are the prime factors of y(16)?
37, 349
Suppose 0 = 175*a + 532985 - 4440910. What are the prime factors of a?
137, 163
Suppose -265 = -5*v + 2*r + 18049, 3*v - 3*r - 10992 = 0. List the prime factors of v.
2, 1831
Let r(b) = -17*b. Let n be (14 - -4)*(6/4 - 3). Let y = 22 + n. What are the prime factors of r(y)?
5, 17
Suppose -3*p - 5*c = 10 - 34, -c = 0. Suppose -2*s + 6*s - p = 0. Suppose -s*h - 112 = -398. What are the prime factors of h?
11, 13
Suppose 6 = 6*o - 6. Suppose 5*m - 4*m = 2*c + 4, 0 = o*m - 3*c - 6. Suppose 0 = -5*w - m*w + 200. List the prime factors of w.
2, 5
Suppose 4*p + 288 - 17919 = 3*i, -13192 = -3*p - 4*i. List the prime factors of p.
2, 3, 367
Let x be (-6)/(-4)*6*(-958)/(-9). Let v = -222 + x. What are the prime factors of v?
2, 23
Let r = 7427 + -1883. Suppose -6*m + 1488 = -r. Suppose -m = -8*q - 92. List the prime factors of q.
3, 5
Let c(m) = -2835*m - 722. What are the prime factors of c(-7)?
13, 1471
Suppose 1375 - 22 = -3*t. Let k = 483 + t. List the prime factors of k.
2
Let j(d) = 6*d**2 + 13*d + 12. Let y be j(-8). Suppose -12*p + y = -8*p + 4*h, -2*h = -5*p + 400. List the prime factors of p.
2, 3, 13
Let a(l) = -16*l**2 + 24*l + 49. Let f(g) = 7*g**2 - 11*g - 25. Let q(j) = 2*a(j) + 5*f(j). List the prime factors of q(-14).
659
Suppose 0 = 4644*k - 4664*k + 165820. List the prime factors of k.
8291
Let v(w) = w**2 + 9*w + 4. Let l be v(-9). Suppose -5*k = -l*k + 55. What are the prime factors of 2*((-2 - k) + 0)?
2, 53
Suppose c + 16862 = 4*n - 7964, -3*n + c = -18621. What are the prime factors of n?
5, 17, 73
Suppose -5*g = q - 40554, -4*g - 121719 = 52*q - 55*q. List the prime factors of q.
3, 13523
Suppose -h = -y - 2*h - 131, -3*y + 2*h - 393 = 0. Suppose 36 = -2*k + 444. Let n = y + k. What are the prime factors of n?
73
Suppose 6*z = 39 + 3. Let w be (4 + -4)/(5*8/20). Suppose w = -z*y + 458 + 158. What are the prime factors of y?
2, 11
What are the prime factors of 1 + (1132250/4)/25 + (-1)/2?
13, 67
Suppose -3*r + 61255 = 5*t, -r - 5*t = 11045 - 31470. List the prime factors of r.
3, 5, 1361
Suppose -7*o + o + 51732 = 0. Suppose -4*f + o - 2526 = 0. List the prime factors of f.
2, 3, 127
What are the prime factors of (6/24*28 + -9)/(-1) - -8847?
8849
Suppose 3*z - 1344 = -5*p, 2*z + 814 = -472*p + 475*p. Let f = -7 + 12. Suppose 4*o - 609 = -5*g, f*g + p = -5*o + 1030. What are the prime factors of o?
151
Suppose 5*f - 54 = 8*f. Let s be 4/f + (-640)/(-45). Suppose -s*v - 252 = -17*v. What are the prime factors of v?
2, 3, 7
Let d(t) be the first derivative of -t**4/4 - 4*t**3/3 - t**2/2 + 2*t - 6. Let r be d(-5). Let n = r - 30. What are the prime factors of n?
2
Let l(m) = -m**3 - m**2 - 7*m + 10. Let a(x) = -2*x**3 - 2*x**2 - 9*x + 8. Let t(z) = 2*a(z) - 3*l(z). What are the prime factors of t(-6)?
2, 37
Suppose 5*h - 81 = 464. Let v = 114 - h. Suppose 2*x + 5*g - 557 = 0, -4*x + 1179 = -v*g + 2*g. List the prime factors of x.
3, 97
What are the prime factors of 2586*-1*((15 - 32) + -10) - 0?
2, 3, 431
Let q(a) = 18869*a**3 - a**2 - 117*a + 117. List the prime factors of q(1).
2, 53, 89
Suppose 7*o - 17*o = 2540. Let c = 476 + o. List the prime factors of c.
2, 3, 37
Let z = 130390 + -64548. What are the prime factors of z?
2, 7, 4703
Suppose 5*r - 15 = -4*o + 6*r, 16 = 3*o + 4*r. Suppose -5*q = -o*q - 5*c - 426, 3*q + c = 1214. What are the prime factors of q?
2, 7, 29
Suppose 470 = -4*a + 1326. Suppose -2*i - 4*w = -298, 0 = i + 3*w + 70 - a. List the prime factors of i.
3, 53
Let o = 475 + -134. Let s = -1600 + 1721. Suppose 0 = -10*i + o - s. What are the prime factors of i?
2, 11
Suppose 17*a + 22 = 19*a. List the prime factors of -3 - -7 - (-6567)/a.
601
Let a(v) = v + 54. Let z be a(-15). Suppose 4*m - z = -3*r, -3*r - 2*m + 45 = -0*r. List the prime factors of r.
17
Suppose -12*l = -22*l - 6047 + 224307. List the prime factors of l.
2, 7, 1559
Let v = -51 - -43. Let u = 9 - -20. Let j = u + v. List the prime factors of j.
3, 7
Let d = -958 - -1071. Let j = -1 - -56. Suppose -j = -x + d. List the prime factors of x.
2, 3, 7
Suppose 5*s = -4*i - 25, 0 = 4*s + 2*i + 32 - 6. Let l(t) = -t**3 - 10*t**2 - 16*t + 22. What are the prime factors of l(s)?
5, 17
Let k(d) = 108*d + 1. Let u be k(2). Suppose -3*b = 3*b - 768. Let n = u - b. List the prime factors of n.
89
Let a(y) = 361*y**2 - 90*y - 180. List the prime factors of a(-2).
2, 19
Let r = 3 - 753. Let v = r - -1283. What are the prime factors of v?
13, 41
Let f(r) = 94*r**2 + 4*r + 89. List the prime factors of f(-5).
41, 59
Let v be 9/27 - ((-59)/3)/1. Suppose 0 = t - v + 19. Let n = t + 55. List the prime factors of n.
2, 7
List the prime factors of (-11)/((-198)/486)*822/(6/3).
3, 137
Suppose -2*f = f + 12. Let g(u) = -3*u**3 + 5*u**2 - 3*u - 6. Let n(m) = -2*m**3 - m. Let s(x) = g(x) - 2*n(x). List the prime factors of s(f).
2, 7
Suppose 19322 = 2*b + x, 9*b - 11*b + 2*x + 19334 = 0. List the prime factors of b.
3, 3221
Let h be (-6)/5*-2*(-50)/(-30). Let g(b) = 21*b**2 - 3*b + 18. List the prime factors of g(h).
2, 3, 19
Let j = -39522 + 83810. What are the prime factors of j?
2, 173
Suppose -248*u - 34264 - 6818 + 9338 = 0. Suppose -2*g = 2*g - 920. Let j = g + u. What are the prime factors of j?
2, 3, 17
Suppose -637680 = -199*z + 139*z. List the prime factors of z.
2, 2657
Let l be 1*(4/(-16))/((-1)/12). Suppose -4*b + 24 = -3*p, -3*p = l*b - 1 + 4. Let v(t) = -t**3 + 8*t + 1. What are the prime factors of v(p)?
3, 11
Let o = -2216 + 2219. Let n(y) = y**2. Let x be n(-2). Suppose c - 44 = -2*k - o, -x*k = -2*c - 86. What are the prime factors of k?
3, 7
Let u(r) = r**3 - 4*r**2 + 7*r + 1. Let w(g) = -g - 14. Let k be w(-7). Let c(j) = j**2 + 7*j + 4. Let h be c(k). What are the prime factors of u(h)?
29
Let w(p) = -8783*p**3 + p**2 + 70*p + 71. What are the prime factors of w(-1)?
5, 7, 251
What are the prime factors of (1 - (-36350)/(-3))/(7 - (-88)/(-12))?
19, 1913
Suppose -2*t + 271 = 2*t - 3*j, 2*j = -5*t + 333. Suppose 2*g = -3*f + 10, -2*g + 5*f - 8 = -g. Suppose t = g*z - 81. What are the prime factors of z?
2, 37
Suppose b - 166*i = -164*i + 4302, 0 = -4*b + 3*i + 17213. What are the prime factors of b?
2, 269
Suppose -3*m - 15*r = -18*r - 19854, 3*m = -r + 19846. List the prime factors of m.
2, 827
Let a(q) = -2*q